{"id":302,"date":"2018-03-01T22:51:59","date_gmt":"2018-03-01T22:51:59","guid":{"rendered":"https:\/\/fnleadingtheway.com\/ca-en\/?page_id=302"},"modified":"2023-05-22T14:28:19","modified_gmt":"2023-05-22T18:28:19","slug":"administration-financiere-des-premieres-nations-afpn","status":"publish","type":"page","link":"https:\/\/fnleadingtheway.com\/2023-fr\/administration-financiere-des-premieres-nations-afpn\/","title":{"rendered":"Administration financi\u00e8re des Premi\u00e8res nations (AFPN)"},"content":{"rendered":"<div class=\"fusion-fullwidth fullwidth-box fusion-builder-row-1 nonhundred-percent-fullwidth non-hundred-percent-height-scrolling\" style=\"--awb-background-blend-mode:overlay;--awb-border-radius-top-left:0px;--awb-border-radius-top-right:0px;--awb-border-radius-bottom-right:0px;--awb-border-radius-bottom-left:0px;--awb-padding-top:0px;--awb-padding-right:70px;--awb-padding-bottom:40px;--awb-padding-left:70px;--awb-margin-top:0px;--awb-background-color:rgba(255,255,255,0.90);--awb-flex-wrap:wrap;\" ><div class=\"fusion-builder-row fusion-row\"><div class=\"fusion-layout-column fusion_builder_column fusion-builder-column-0 fusion_builder_column_2_3 2_3 fusion-two-third fusion-column-first\" style=\"--awb-bg-size:cover;--awb-margin-top:20px;width:66.666666666667%;width:calc(66.666666666667% - ( ( 4% ) * 0.66666666666667 ) );margin-right: 4%;\"><div class=\"fusion-column-wrapper fusion-flex-column-wrapper-legacy\"><div class=\"fusion-column-content-centered\"><div class=\"fusion-column-content\"><div class=\"fusion-builder-row fusion-builder-row-inner fusion-row\"><div class=\"fusion-layout-column fusion_builder_column_inner fusion-builder-nested-column-0 fusion_builder_column_inner_1_5 1_5 fusion-one-fifth fusion-column-first\" style=\"--awb-bg-size:cover;--awb-margin-bottom:0px;width:20%;width:calc(20% - ( ( 4% ) * 0.2 ) );margin-right: 4%;\"><div class=\"fusion-column-wrapper fusion-flex-column-wrapper-legacy\"><div class=\"fusion-image-element fusion-image-align-center in-legacy-container\" style=\"text-align:center;--awb-caption-title-font-family:var(--h2_typography-font-family);--awb-caption-title-font-weight:var(--h2_typography-font-weight);--awb-caption-title-font-style:var(--h2_typography-font-style);--awb-caption-title-size:var(--h2_typography-font-size);--awb-caption-title-transform:var(--h2_typography-text-transform);--awb-caption-title-line-height:var(--h2_typography-line-height);--awb-caption-title-letter-spacing:var(--h2_typography-letter-spacing);\"><div class=\"imageframe-align-center\"><span class=\" fusion-imageframe imageframe-none imageframe-1 hover-type-none border\"><img decoding=\"async\" width=\"800\" height=\"796\" title=\"FNFA-logo-2020\" src=\"https:\/\/fnleadingtheway.com\/2023-fr\/wp-content\/uploads\/2020\/03\/FNFA-logo-2020.png\" data-orig-src=\"https:\/\/fnleadingtheway.com\/2020-fr\/wp-content\/uploads\/2020\/03\/FNFA-logo-2020.png\" alt class=\"lazyload img-responsive wp-image-1859\" srcset=\"data:image\/svg+xml,%3Csvg%20xmlns%3D%27http%3A%2F%2Fwww.w3.org%2F2000%2Fsvg%27%20width%3D%27800%27%20height%3D%27796%27%20viewBox%3D%270%200%20800%20796%27%3E%3Crect%20width%3D%27800%27%20height%3D%27796%27%20fill-opacity%3D%220%22%2F%3E%3C%2Fsvg%3E\" data-srcset=\"https:\/\/fnleadingtheway.com\/2023-fr\/wp-content\/uploads\/2020\/03\/FNFA-logo-2020-200x199.png 200w, https:\/\/fnleadingtheway.com\/2023-fr\/wp-content\/uploads\/2020\/03\/FNFA-logo-2020-400x398.png 400w, https:\/\/fnleadingtheway.com\/2023-fr\/wp-content\/uploads\/2020\/03\/FNFA-logo-2020-600x597.png 600w, https:\/\/fnleadingtheway.com\/2023-fr\/wp-content\/uploads\/2020\/03\/FNFA-logo-2020.png 800w\" data-sizes=\"auto\" data-orig-sizes=\"(max-width: 900px) 100vw, 400px\" \/><\/span><\/div><\/div><div class=\"fusion-clearfix\"><\/div><\/div><\/div><div class=\"fusion-layout-column fusion_builder_column_inner fusion-builder-nested-column-1 fusion_builder_column_inner_4_5 4_5 fusion-four-fifth fusion-column-last\" style=\"--awb-padding-top:0px;--awb-padding-right:0px;--awb-padding-bottom:0px;--awb-padding-left:0px;--awb-bg-size:cover;--awb-margin-top:6.5%;width:80%;width:calc(80% - ( ( 4% ) * 0.8 ) );\" id=\"logo-text\"><div class=\"fusion-column-wrapper fusion-flex-column-wrapper-legacy\"><div class=\"fusion-column-content-centered\"><div class=\"fusion-column-content\"><div class=\"fusion-text fusion-text-1\"><h2 style=\"font-size: 24px; color: #c45a04;\">Administration financi\u00e8re des Premi\u00e8res nations (AFPN)<\/h2>\n<\/div><\/div><\/div><div class=\"fusion-clearfix\"><\/div><\/div><\/div><\/div><div class=\"fusion-sep-clear\"><\/div><div class=\"fusion-separator fusion-full-width-sep\" style=\"margin-left: auto;margin-right: auto;margin-top:20px;width:100%;\"><\/div><div class=\"fusion-sep-clear\"><\/div><div class=\"fusion-text fusion-text-2\"><p>En offrant un moyen de contracter des emprunts group\u00e9s par l&#8217;interm\u00e9diaire de l&#8217;Autorit\u00e9 financi\u00e8re, les Premi\u00e8res Nations ont acc\u00e8s \u00e0 des montants importants de financement priv\u00e9 sur les march\u00e9s financiers mondiaux.<\/p>\n<p>En f\u00e9vrier 2022, l&#8217;AFPN comptait 141 membres et 78 Premi\u00e8res nations avaient acc\u00e8s \u00e0 des pr\u00eats. Nos membres proviennent de neuf provinces et d&#8217;un territoire et ont emprunt\u00e9 1,65 milliard de dollars \u00e0 l&#8217;AFPN (par le biais de financement par obligations et de pr\u00eats \u00e0 court terme).<\/p>\n<p>Les Premi\u00e8res nations ont utilis\u00e9 ces pr\u00eats de l&#8217;AFPN pour s&#8217;engager dans des activit\u00e9s de d\u00e9veloppement \u00e9conomique (les profits sont ensuite r\u00e9investis dans la communaut\u00e9 pour r\u00e9pondre aux priorit\u00e9s), construire ou am\u00e9liorer des \u00e9coles, des possibilit\u00e9s d&#8217;\u00e9nergie verte, des logements communautaires et d&#8217;autres infrastructures dans leurs communaut\u00e9s.<\/p>\n<p>Gr\u00e2ce au succ\u00e8s des neuf (9) \u00e9missions d&#8217;obligations de l&#8217;AFPN, l&#8217;int\u00e9r\u00eat des Premi\u00e8res nations pour l&#8217;AFPN s&#8217;est accru dans tout le pays. Avec plus de 6 milliards de dollars en revenus autonomes dans l&#8217;ensemble des Premi\u00e8res nations du Canada, le potentiel pour ces communaut\u00e9s de tirer parti de ces revenus par le biais de l&#8217;AFPN pour construire des \u00e9conomies et des infrastructures est important.<\/p>\n<\/div><div class=\"fusion-sep-clear\"><\/div><div class=\"fusion-separator fusion-full-width-sep\" style=\"margin-left: auto;margin-right: auto;margin-top:30px;width:100%;\"><\/div><div class=\"fusion-sep-clear\"><\/div><div class=\"fusion-align-block\"><a class=\"fusion-button button-flat button-xlarge button-custom fusion-button-default button-1 fusion-button-span-yes fusion-button-default-type\" style=\"--button_accent_color:#ffffff;--button_accent_hover_color:#ffffff;--button_border_hover_color:#ffffff;--button_border_width-top:0;--button_border_width-right:0;--button_border_width-bottom:0;--button_border_width-left:0;--button_gradient_top_color:#00b5af;--button_gradient_bottom_color:#00b5af;--button_gradient_top_color_hover:#f89c4d;--button_gradient_bottom_color_hover:#f89c4d;\" target=\"_blank\" rel=\"noopener noreferrer\" href=\"http:\/\/fnfa.ca\/\"><span class=\"fusion-button-text\">SITE WEB: ADMINISTRATION FINANCI\u00c8RE DES PREMI\u00c8RES NATIONS<\/span><\/a><\/div><div class=\"fusion-sep-clear\"><\/div><div class=\"fusion-separator fusion-full-width-sep\" style=\"margin-left: auto;margin-right: auto;margin-top:50px;width:100%;\"><\/div><div class=\"fusion-sep-clear\"><\/div><div class=\"fusion-text fusion-text-3\"><p>3500, ch. Carrington, bureau 202<br \/>\nWestbank (Colombie-Britannique)<br \/>\nV4T 3C1, Cana<\/p>\n<p>T\u00e9l\u00e9phone : <strong>(250) 768-5253<\/strong><br \/>\nLigne sans frais : <strong>(866) 575-3632<\/strong><br \/>\nT\u00e9l\u00e9copieur : <strong>(250) 768-5258<\/strong><\/p>\n<p>Courriel : <strong><a href=\"mailto:info@fnfa.ca\" target=\"_blank\" rel=\"noopener noreferrer\">info@fnfa.ca<\/a><\/strong><br \/>\nWeb : <strong><a href=\"https:\/\/fnfa.ca\/en\/\" target=\"_blank\" rel=\"noopener noreferrer\">fnfa.ca<\/a><\/strong><\/p>\n<\/div><\/div><\/div><div class=\"fusion-clearfix\"><\/div><\/div><\/div><div class=\"fusion-layout-column fusion_builder_column fusion-builder-column-1 fusion_builder_column_1_3 1_3 fusion-one-third fusion-column-last page\" style=\"--awb-bg-size:cover;--awb-margin-top:-30px;width:33.333333333333%;width:calc(33.333333333333% - ( ( 4% ) * 0.33333333333333 ) );\" id=\"right\"><div class=\"fusion-column-wrapper fusion-flex-column-wrapper-legacy\"><div class=\"fusion-builder-row fusion-builder-row-inner fusion-row\"><div class=\"fusion-layout-column fusion_builder_column_inner fusion-builder-nested-column-2 fusion_builder_column_inner_1_2 1_2 fusion-one-half fusion-column-first\" style=\"--awb-bg-size:cover;width:50%;width:calc(50% - ( ( 4% ) * 0.5 ) );margin-right: 4%;\"><div class=\"fusion-column-wrapper fusion-flex-column-wrapper-legacy\"><div class=\"fusion-image-element in-legacy-container\" style=\"--awb-caption-title-font-family:var(--h2_typography-font-family);--awb-caption-title-font-weight:var(--h2_typography-font-weight);--awb-caption-title-font-style:var(--h2_typography-font-style);--awb-caption-title-size:var(--h2_typography-font-size);--awb-caption-title-transform:var(--h2_typography-text-transform);--awb-caption-title-line-height:var(--h2_typography-line-height);--awb-caption-title-letter-spacing:var(--h2_typography-letter-spacing);\"><span class=\" fusion-imageframe imageframe-none imageframe-2 hover-type-none\"><img decoding=\"async\" src=\"data:image\/gif;base64,R0lGODlhAQABAAAAACH5BAEKAAEALAAAAAABAAEAAAICTAEAOw==\" data-orig-src=\"https:\/\/fnleadingtheway.com\/ca-en\/wp-content\/uploads\/2018\/03\/General-info_web-30.jpg\" alt class=\"lazyload img-responsive\"\/><\/span><\/div><div class=\"fusion-clearfix\"><\/div><\/div><\/div><div class=\"fusion-layout-column fusion_builder_column_inner fusion-builder-nested-column-3 fusion_builder_column_inner_1_2 1_2 fusion-one-half fusion-column-last\" style=\"--awb-bg-size:cover;width:50%;width:calc(50% - ( ( 4% ) * 0.5 ) );\"><div class=\"fusion-column-wrapper fusion-flex-column-wrapper-legacy\"><div class=\"fusion-image-element in-legacy-container\" style=\"--awb-caption-title-font-family:var(--h2_typography-font-family);--awb-caption-title-font-weight:var(--h2_typography-font-weight);--awb-caption-title-font-style:var(--h2_typography-font-style);--awb-caption-title-size:var(--h2_typography-font-size);--awb-caption-title-transform:var(--h2_typography-text-transform);--awb-caption-title-line-height:var(--h2_typography-line-height);--awb-caption-title-letter-spacing:var(--h2_typography-letter-spacing);\"><span class=\" fusion-imageframe imageframe-none imageframe-3 hover-type-none\"><img decoding=\"async\" src=\"data:image\/gif;base64,R0lGODlhAQABAAAAACH5BAEKAAEALAAAAAABAAEAAAICTAEAOw==\" data-orig-src=\"https:\/\/fnleadingtheway.com\/ca-en\/wp-content\/uploads\/2018\/03\/General-info_web-38.jpg\" alt class=\"lazyload img-responsive\"\/><\/span><\/div><div class=\"fusion-clearfix\"><\/div><\/div><\/div><\/div><div class=\"fusion-builder-row fusion-builder-row-inner fusion-row\"><div class=\"fusion-layout-column fusion_builder_column_inner fusion-builder-nested-column-4 fusion_builder_column_inner_1_2 1_2 fusion-one-half fusion-column-first\" style=\"--awb-bg-size:cover;width:50%;width:calc(50% - ( ( 4% ) * 0.5 ) );margin-right: 4%;\"><div class=\"fusion-column-wrapper fusion-flex-column-wrapper-legacy\"><div class=\"fusion-image-element in-legacy-container\" style=\"--awb-caption-title-font-family:var(--h2_typography-font-family);--awb-caption-title-font-weight:var(--h2_typography-font-weight);--awb-caption-title-font-style:var(--h2_typography-font-style);--awb-caption-title-size:var(--h2_typography-font-size);--awb-caption-title-transform:var(--h2_typography-text-transform);--awb-caption-title-line-height:var(--h2_typography-line-height);--awb-caption-title-letter-spacing:var(--h2_typography-letter-spacing);\"><span class=\" fusion-imageframe imageframe-none imageframe-4 hover-type-none\"><img decoding=\"async\" src=\"data:image\/gif;base64,R0lGODlhAQABAAAAACH5BAEKAAEALAAAAAABAAEAAAICTAEAOw==\" data-orig-src=\"https:\/\/fnleadingtheway.com\/ca-en\/wp-content\/uploads\/2018\/03\/General-info_web-35.jpg\" alt class=\"lazyload img-responsive\"\/><\/span><\/div><div class=\"fusion-clearfix\"><\/div><\/div><\/div><div class=\"fusion-layout-column fusion_builder_column_inner fusion-builder-nested-column-5 fusion_builder_column_inner_1_2 1_2 fusion-one-half fusion-column-last\" style=\"--awb-bg-size:cover;width:50%;width:calc(50% - ( ( 4% ) * 0.5 ) );\"><div class=\"fusion-column-wrapper fusion-flex-column-wrapper-legacy\"><div class=\"fusion-image-element in-legacy-container\" style=\"--awb-caption-title-font-family:var(--h2_typography-font-family);--awb-caption-title-font-weight:var(--h2_typography-font-weight);--awb-caption-title-font-style:var(--h2_typography-font-style);--awb-caption-title-size:var(--h2_typography-font-size);--awb-caption-title-transform:var(--h2_typography-text-transform);--awb-caption-title-line-height:var(--h2_typography-line-height);--awb-caption-title-letter-spacing:var(--h2_typography-letter-spacing);\"><span class=\" fusion-imageframe imageframe-none imageframe-5 hover-type-none\"><img decoding=\"async\" src=\"data:image\/gif;base64,R0lGODlhAQABAAAAACH5BAEKAAEALAAAAAABAAEAAAICTAEAOw==\" data-orig-src=\"https:\/\/fnleadingtheway.com\/ca-en\/wp-content\/uploads\/2018\/03\/General-info_web-31.jpg\" alt class=\"lazyload img-responsive\"\/><\/span><\/div><div class=\"fusion-clearfix\"><\/div><\/div><\/div><\/div><div class=\"fusion-image-element in-legacy-container\" style=\"--awb-caption-title-font-family:var(--h2_typography-font-family);--awb-caption-title-font-weight:var(--h2_typography-font-weight);--awb-caption-title-font-style:var(--h2_typography-font-style);--awb-caption-title-size:var(--h2_typography-font-size);--awb-caption-title-transform:var(--h2_typography-text-transform);--awb-caption-title-line-height:var(--h2_typography-line-height);--awb-caption-title-letter-spacing:var(--h2_typography-letter-spacing);\"><span class=\" fusion-imageframe imageframe-none imageframe-6 hover-type-none\"><a href=\"https:\/\/fnleadingtheway.com\/ca-en\/wp-content\/uploads\/2018\/03\/FNFA-Information-Booklet-Gold-Book-31.jpg\" class=\"fusion-lightbox\" data-rel=\"iLightbox[9c700f01a3af390bb00]\"><img decoding=\"async\" src=\"data:image\/gif;base64,R0lGODlhAQABAAAAACH5BAEKAAEALAAAAAABAAEAAAICTAEAOw==\" data-orig-src=\"https:\/\/fnleadingtheway.com\/ca-en\/wp-content\/uploads\/2018\/03\/FNFA-Information-Booklet-Gold-Book-31.jpg\" alt class=\"lazyload img-responsive\"\/><\/a><\/span><\/div><div class=\"fusion-clearfix\"><\/div><\/div><\/div><\/div><\/div>\n","protected":false},"excerpt":{"rendered":"","protected":false},"author":1,"featured_media":0,"parent":0,"menu_order":0,"comment_status":"closed","ping_status":"closed","template":"","meta":{"footnotes":""},"yoast_head":"<!-- This site is optimized with the Yoast SEO plugin v21.3 - https:\/\/yoast.com\/wordpress\/plugins\/seo\/ -->\n<title>Administration financi\u00e8re des Premi\u00e8res nations (AFPN) | Premi\u00e8res Nations en T\u00eate | RENCONTRE NATIONALE DE 2023<\/title>\n<meta name=\"robots\" content=\"index, follow, max-snippet:-1, max-image-preview:large, max-video-preview:-1\" \/>\n<link rel=\"canonical\" href=\"https:\/\/fnleadingtheway.com\/2023-fr\/administration-financiere-des-premieres-nations-afpn\/\" \/>\n<meta property=\"og:locale\" content=\"en_US\" \/>\n<meta property=\"og:type\" content=\"article\" \/>\n<meta property=\"og:title\" content=\"Administration financi\u00e8re des Premi\u00e8res nations (AFPN) | Premi\u00e8res Nations en T\u00eate | RENCONTRE NATIONALE DE 2023\" \/>\n<meta property=\"og:url\" content=\"https:\/\/fnleadingtheway.com\/2023-fr\/administration-financiere-des-premieres-nations-afpn\/\" \/>\n<meta property=\"og:site_name\" content=\"Premi\u00e8res Nations en T\u00eate | RENCONTRE NATIONALE DE 2023\" \/>\n<meta property=\"article:modified_time\" content=\"2023-05-22T18:28:19+00:00\" \/>\n<meta name=\"twitter:card\" content=\"summary_large_image\" \/>\n<meta name=\"twitter:label1\" content=\"Est. reading time\" \/>\n\t<meta name=\"twitter:data1\" content=\"4 minutes\" \/>\n<script type=\"application\/ld+json\" class=\"yoast-schema-graph\">{\"@context\":\"https:\/\/schema.org\",\"@graph\":[{\"@type\":\"WebPage\",\"@id\":\"https:\/\/fnleadingtheway.com\/2023-fr\/administration-financiere-des-premieres-nations-afpn\/\",\"url\":\"https:\/\/fnleadingtheway.com\/2023-fr\/administration-financiere-des-premieres-nations-afpn\/\",\"name\":\"Administration financi\u00e8re des Premi\u00e8res nations (AFPN) | Premi\u00e8res Nations en T\u00eate | RENCONTRE NATIONALE DE 2023\",\"isPartOf\":{\"@id\":\"https:\/\/fnleadingtheway.com\/2023-fr\/#website\"},\"datePublished\":\"2018-03-01T22:51:59+00:00\",\"dateModified\":\"2023-05-22T18:28:19+00:00\",\"breadcrumb\":{\"@id\":\"https:\/\/fnleadingtheway.com\/2023-fr\/administration-financiere-des-premieres-nations-afpn\/#breadcrumb\"},\"inLanguage\":\"en-CA\",\"potentialAction\":[{\"@type\":\"ReadAction\",\"target\":[\"https:\/\/fnleadingtheway.com\/2023-fr\/administration-financiere-des-premieres-nations-afpn\/\"]}]},{\"@type\":\"BreadcrumbList\",\"@id\":\"https:\/\/fnleadingtheway.com\/2023-fr\/administration-financiere-des-premieres-nations-afpn\/#breadcrumb\",\"itemListElement\":[{\"@type\":\"ListItem\",\"position\":1,\"name\":\"Home\",\"item\":\"https:\/\/fnleadingtheway.com\/2023-fr\/\"},{\"@type\":\"ListItem\",\"position\":2,\"name\":\"Administration financi\u00e8re des Premi\u00e8res nations (AFPN)\"}]},{\"@type\":\"WebSite\",\"@id\":\"https:\/\/fnleadingtheway.com\/2023-fr\/#website\",\"url\":\"https:\/\/fnleadingtheway.com\/2023-fr\/\",\"name\":\"Premi\u00e8res Nations en T\u00eate | RENCONTRE NATIONALE DE 2020\",\"description\":\"Les Premi\u00e8res Nations ouvrent la voie. R\u00e9union annuelle des institutions des Premi\u00e8res nations du Canada 2023\",\"publisher\":{\"@id\":\"https:\/\/fnleadingtheway.com\/2023-fr\/#organization\"},\"potentialAction\":[{\"@type\":\"SearchAction\",\"target\":{\"@type\":\"EntryPoint\",\"urlTemplate\":\"https:\/\/fnleadingtheway.com\/2023-fr\/?s={search_term_string}\"},\"query-input\":\"required name=search_term_string\"}],\"inLanguage\":\"en-CA\"},{\"@type\":\"Organization\",\"@id\":\"https:\/\/fnleadingtheway.com\/2023-fr\/#organization\",\"name\":\"INSTITUTIONS FISCALES DES PREMI\u00c8RES NATIONS ET CONSEIL CONSULTATIF DES TERRES\",\"url\":\"https:\/\/fnleadingtheway.com\/2023-fr\/\",\"logo\":{\"@type\":\"ImageObject\",\"inLanguage\":\"en-CA\",\"@id\":\"https:\/\/fnleadingtheway.com\/2023-fr\/#\/schema\/logo\/image\/\",\"url\":\"https:\/\/fnleadingtheway.com\/2022-fr\/wp-content\/uploads\/2019\/03\/FNFILAB-group-logo-400px.png\",\"contentUrl\":\"https:\/\/fnleadingtheway.com\/2022-fr\/wp-content\/uploads\/2019\/03\/FNFILAB-group-logo-400px.png\",\"width\":400,\"height\":68,\"caption\":\"INSTITUTIONS FISCALES DES PREMI\u00c8RES NATIONS ET CONSEIL CONSULTATIF DES TERRES\"},\"image\":{\"@id\":\"https:\/\/fnleadingtheway.com\/2023-fr\/#\/schema\/logo\/image\/\"}}]}<\/script>\n<!-- \/ Yoast SEO plugin. -->","yoast_head_json":{"title":"Administration financi\u00e8re des Premi\u00e8res nations (AFPN) | Premi\u00e8res Nations en T\u00eate | RENCONTRE NATIONALE DE 2023","robots":{"index":"index","follow":"follow","max-snippet":"max-snippet:-1","max-image-preview":"max-image-preview:large","max-video-preview":"max-video-preview:-1"},"canonical":"https:\/\/fnleadingtheway.com\/2023-fr\/administration-financiere-des-premieres-nations-afpn\/","og_locale":"en_US","og_type":"article","og_title":"Administration financi\u00e8re des Premi\u00e8res nations (AFPN) | Premi\u00e8res Nations en T\u00eate | RENCONTRE NATIONALE DE 2023","og_url":"https:\/\/fnleadingtheway.com\/2023-fr\/administration-financiere-des-premieres-nations-afpn\/","og_site_name":"Premi\u00e8res Nations en T\u00eate | RENCONTRE NATIONALE DE 2023","article_modified_time":"2023-05-22T18:28:19+00:00","twitter_card":"summary_large_image","twitter_misc":{"Est. reading time":"4 minutes"},"schema":{"@context":"https:\/\/schema.org","@graph":[{"@type":"WebPage","@id":"https:\/\/fnleadingtheway.com\/2023-fr\/administration-financiere-des-premieres-nations-afpn\/","url":"https:\/\/fnleadingtheway.com\/2023-fr\/administration-financiere-des-premieres-nations-afpn\/","name":"Administration financi\u00e8re des Premi\u00e8res nations (AFPN) | Premi\u00e8res Nations en T\u00eate | RENCONTRE NATIONALE DE 2023","isPartOf":{"@id":"https:\/\/fnleadingtheway.com\/2023-fr\/#website"},"datePublished":"2018-03-01T22:51:59+00:00","dateModified":"2023-05-22T18:28:19+00:00","breadcrumb":{"@id":"https:\/\/fnleadingtheway.com\/2023-fr\/administration-financiere-des-premieres-nations-afpn\/#breadcrumb"},"inLanguage":"en-CA","potentialAction":[{"@type":"ReadAction","target":["https:\/\/fnleadingtheway.com\/2023-fr\/administration-financiere-des-premieres-nations-afpn\/"]}]},{"@type":"BreadcrumbList","@id":"https:\/\/fnleadingtheway.com\/2023-fr\/administration-financiere-des-premieres-nations-afpn\/#breadcrumb","itemListElement":[{"@type":"ListItem","position":1,"name":"Home","item":"https:\/\/fnleadingtheway.com\/2023-fr\/"},{"@type":"ListItem","position":2,"name":"Administration financi\u00e8re des Premi\u00e8res nations (AFPN)"}]},{"@type":"WebSite","@id":"https:\/\/fnleadingtheway.com\/2023-fr\/#website","url":"https:\/\/fnleadingtheway.com\/2023-fr\/","name":"Premi\u00e8res Nations en T\u00eate | RENCONTRE NATIONALE DE 2020","description":"Les Premi\u00e8res Nations ouvrent la voie. R\u00e9union annuelle des institutions des Premi\u00e8res nations du Canada 2023","publisher":{"@id":"https:\/\/fnleadingtheway.com\/2023-fr\/#organization"},"potentialAction":[{"@type":"SearchAction","target":{"@type":"EntryPoint","urlTemplate":"https:\/\/fnleadingtheway.com\/2023-fr\/?s={search_term_string}"},"query-input":"required name=search_term_string"}],"inLanguage":"en-CA"},{"@type":"Organization","@id":"https:\/\/fnleadingtheway.com\/2023-fr\/#organization","name":"INSTITUTIONS FISCALES DES PREMI\u00c8RES NATIONS ET CONSEIL CONSULTATIF DES TERRES","url":"https:\/\/fnleadingtheway.com\/2023-fr\/","logo":{"@type":"ImageObject","inLanguage":"en-CA","@id":"https:\/\/fnleadingtheway.com\/2023-fr\/#\/schema\/logo\/image\/","url":"https:\/\/fnleadingtheway.com\/2022-fr\/wp-content\/uploads\/2019\/03\/FNFILAB-group-logo-400px.png","contentUrl":"https:\/\/fnleadingtheway.com\/2022-fr\/wp-content\/uploads\/2019\/03\/FNFILAB-group-logo-400px.png","width":400,"height":68,"caption":"INSTITUTIONS FISCALES DES PREMI\u00c8RES NATIONS ET CONSEIL CONSULTATIF DES TERRES"},"image":{"@id":"https:\/\/fnleadingtheway.com\/2023-fr\/#\/schema\/logo\/image\/"}}]}},"_links":{"self":[{"href":"https:\/\/fnleadingtheway.com\/2023-fr\/wp-json\/wp\/v2\/pages\/302"}],"collection":[{"href":"https:\/\/fnleadingtheway.com\/2023-fr\/wp-json\/wp\/v2\/pages"}],"about":[{"href":"https:\/\/fnleadingtheway.com\/2023-fr\/wp-json\/wp\/v2\/types\/page"}],"author":[{"embeddable":true,"href":"https:\/\/fnleadingtheway.com\/2023-fr\/wp-json\/wp\/v2\/users\/1"}],"replies":[{"embeddable":true,"href":"https:\/\/fnleadingtheway.com\/2023-fr\/wp-json\/wp\/v2\/comments?post=302"}],"version-history":[{"count":10,"href":"https:\/\/fnleadingtheway.com\/2023-fr\/wp-json\/wp\/v2\/pages\/302\/revisions"}],"predecessor-version":[{"id":2602,"href":"https:\/\/fnleadingtheway.com\/2023-fr\/wp-json\/wp\/v2\/pages\/302\/revisions\/2602"}],"wp:attachment":[{"href":"https:\/\/fnleadingtheway.com\/2023-fr\/wp-json\/wp\/v2\/media?parent=302"}],"curies":[{"name":"wp","href":"https:\/\/api.w.org\/{rel}","templated":true}]}}